of 2888652697?
2
What is the hundred thousands digit of 93352073?
3
What is the units digit of 390597510?
0
What is the millions digit of 377760642?
7
What is the thousands digit of 61264300?
4
What is the ten thousands digit of 413769061?
6
What is the ten thousands digit of 50442231?
4
What is the ten millions digit of 9530889628?
3
What is the hundred millions digit of 117576050?
1
What is the hundreds digit of 541849380?
3
What is the thousands digit of 63882352?
2
What is the ten millions digit of 194405735?
9
What is the hundred millions digit of 948814392?
9
What is the millions digit of 37982871?
7
What is the thousands digit of 134240598?
0
What is the hundred thousands digit of 56423688?
4
What is the millions digit of 189758161?
9
What is the ten millions digit of 236006682?
3
What is the hundred thousands digit of 150936778?
9
What is the hundreds digit of 35713289?
2
What is the tens digit of 471024943?
4
What is the hundred millions digit of 1322835236?
3
What is the thousands digit of 973603984?
3
What is the units digit of 136254426?
6
What is the tens digit of 1130729169?
6
What is the hundreds digit of 13569815?
8
What is the millions digit of 20947172?
0
What is the thousands digit of 1960820948?
0
What is the millions digit of 9022745?
9
What is the ten thousands digit of 51831871?
3
What is the thousands digit of 67072057?
2
What is the units digit of 1300432961?
1
What is the thousands digit of 678298818?
8
What is the tens digit of 102388548?
4
What is the units digit of 18650671?
1
What is the tens digit of 595981526?
2
What is the tens digit of 1308966452?
5
What is the hundred thousands digit of 966509099?
5
What is the millions digit of 57691901?
7
What is the ten thousands digit of 25474805?
7
What is the tens digit of 364757074?
7
What is the hundreds digit of 25075304?
3
What is the hundred millions digit of 104680032?
1
What is the thousands digit of 4453024946?
4
What is the units digit of 391385119?
9
What is the tens digit of 117644171?
7
What is the units digit of 143638978?
8
What is the tens digit of 77266036?
3
What is the hundred thousands digit of 1059600633?
6
What is the thousands digit of 31859149?
9
What is the millions digit of 3233979584?
3
What is the hundred thousands digit of 600225593?
2
What is the hundreds digit of 193996551?
5
What is the hundreds digit of 42590954?
9
What is the units digit of 112655647?
7
What is the hundred millions digit of 1538395335?
5
What is the millions digit of 311753524?
1
What is the units digit of 1706614568?
8
What is the units digit of 48894028?
8
What is the hundred thousands digit of 348216792?
2
What is the millions digit of 2208209150?
8
What is the units digit of 18637380?
0
What is the ten millions digit of 22262939?
2
What is the ten thousands digit of 63000951?
0
What is the tens digit of 402373855?
5
What is the thousands digit of 33023770?
3
What is the tens digit of 2206422?
2
What is the hundred thousands digit of 516203887?
2
What is the hundred millions digit of 6145367187?
1
What is the ten thousands digit of 66464554?
6
What is the units digit of 1245253291?
1
What is the thousands digit of 255887742?
7
What is the hundred thousands digit of 615431250?
4
What is the millions digit of 731691445?
1
What is the millions digit of 437277999?
7
What is the units digit of 1537129772?
2
What is the ten thousands digit of 55338797?
3
What is the ten thousands digit of 7892417?
9
What is the units digit of 6926004?
4
What is the thousands digit of 3121253582?
3
What is the ten millions digit of 20074070?
2
What is the hundreds digit of 7295616110?
1
What is the millions digit of 1705593204?
5
What is the thousands digit of 113028352?
8
What is the units digit of 147239356?
6
What is the ten thousands digit of 302296348?
9
What is the units digit of 62236248?
8
What is the units digit of 53945407?
7
What is the hundred millions digit of 154092589?
1
What is the ten millions digit of 770228695?
7
What is the ten millions digit of 23894599?
2
What is the thousands digit of 1842180794?
0
What is the millions digit of 143592111?
3
What is the units digit of 582990289?
9
What is the millions digit of 34433380?
4
What is the ten thousands digit of 26958492?
5
What is the hundred thousands digit of 280273036?
2
What is the units digit of 76592588?
8
What is the thousands digit of 87998506?
8
What is the units digit of 81348843?
3
What is the hundreds digit of 1411819100?
1
What is the ten millions digit of 241727190?
4
What is the hundred thousands digit of 599294292?
2
What is the units digit of 220736821?
1
What is the billions digit of 2776724994?
2
What is the thousands digit of 61149976?
9
What is the thousands digit of 1060635085?
5
What is the thousands digit of 877936827?
6
What is the hundred thousands digit of 2098563886?
5
What is the ten millions digit of 159887012?
5
What is the hundreds digit of 717035622?
6
What is the thousands digit of 867384?
7
What is the hundred thousands digit of 49822611?
8
What is the units digit of 1730190916?
6
What is the thousands digit of 5141510558?
0
What is the hundreds digit of 661809108?
1
What is the hundred millions digit of 4718951965?
7
What is the tens digit of 445686823?
2
What is the hundreds digit of 125270060?
0
What is the millions digit of 191885098?
1
What is the hundred millions digit of 1415547868?
4
What is the millions digit of 189473411?
9
What is the hundreds digit of 41345086?
0
What is the tens digit of 1629889704?
0
What is the tens digit of 378809702?
0
What is the millions digit of 47622204?
7
What is the ten thousands digit of 540886535?
8
What is the tens digit of 205982218?
1
What is the ten millions digit of 242702535?
4
What is the millions digit of 37341487?
7
What is the tens digit of 5714879789?
8
What is the units digit of 3971430551?
1
What is the ten millions digit of 110146467?
1
What is the millions digit of 115884509?
5
What is the hundreds digit of 5772243?
2
What is the tens digit of 1029304973?
7
What is the thousands digit of 7781861?
1
What is the thousands digit of 7488945838?
5
What is the ten thousands digit of 6266474?
6
What is the hundreds digit of 45475710?
7
What is the hundred millions digit of 481040006?
4
What is the millions digit of 512495543?
2
What is the hundred thousands digit of 6745248446?
2
What is the ten millions digit of 78482651?
7
What is the hundred thousands digit of 301227544?
2
What is the ten thousands digit of 21749114?
4
What is the ten millions digit of 59675796?
5
What is the hundreds digit of 116871745?
7
What is the billions digit of 7179708918?
7
What is the billions digit of 6316380843?
6
What is the ten thousands digit of 589215432?
1
What is the ten thousands digit of 2111947581?
4
What is the hundred millions digit of 211647271?
2
What is the thousands digit of 386642486?
2
What is the hundred thousands digit of 4203103140?
1
What is the hundred thousands digit of 26464379?
4
What is the tens digit of 11474334?
3
What is the units digit of 45688226?
6
What is the ten millions digit of 3763869005?
6
What is the units digit of 522928888?
8
What is the ten thousands digit of 822111053?
1
What is the hundreds digit of 109700962?
9
What is the ten millions digit of 81957669?
8
What is the ten thousands digit of 648156410?
5
What is the hundred thousands digit of 7280177695?
1
What is the hundred millions digit of 457564269?
4
What is the thousands digit of 524186179?
6
What is the hundred millions digit of 1765709750?
7
What is the hundreds digit of 292830792?
7
What is the hundred millions digit of 830964492?
8
What is the thousands digit of 57477338?
7
What is the ten millions digit of 316408392?
1
What is the tens digit of 2137185243?
4
What is the tens digit of 191276123?
2
What is the millions digit of 191412897?
1
What is the thousands digit of 56913523?
3
What is the ten thousands digit of 102353668?
5
What is the hundreds digit of 214671162?
1
What is the ten thousands digit of 562300371?
0
What is the thousands digit of 813415409?
5
What is the units digit of 48097428?
8
What is the millions digit of 72369575?
2
What is the millions digit of 202937934?
2
What is the ten thousands digit of 505768869?
6
What is the tens digi